 -9 - -11 - 8 - -7.
8
Evaluate -3 - -1 - (-1 - -4).
-5
-7 - 1 - (-5 - -2)
-5
Calculate 10 + 2 - (-5 + 12).
5
Calculate (-1 + 7 - 0) + (-20 - -19).
5
Evaluate -5 - (1 - (4 + -6 + 4)).
-4
Evaluate (-2 + 4 - 4) + 2 + -2.
-2
What is the value of -3 + -1 + 3 - (2 + 2)?
-5
6 + (-9 - -4) - 1
0
What is -3 + 1 + 6 + -4?
0
Evaluate -4 + 3 - -1 - -1.
1
What is the value of -28 - -22 - (2 - 11)?
3
Evaluate (-7 - 0) + (1 - -3).
-3
Evaluate 2 - ((6 - -3) + -8 - -3).
-2
What is the value of (8 - 3) + -1 + -3 + 2?
3
Calculate (4 + -2 - (0 + 4)) + -1.
-3
What is 4 + (4 - 6) + -7 + -1?
-6
What is the value of 3 + (1 - (3 + 0 - 1))?
2
What is the value of 1 + 7 + -4 + (1 - 0)?
5
Evaluate (-3 - (1 - 5)) + 2.
3
(-1 - -1) + (2 - (-11 - -11))
2
Evaluate 7 + -4 - -4 - 3.
4
1 + (3 - (4 - 1) - 1)
0
What is 20 + -18 - (-1 - -5)?
-2
-3 + (0 - (3 + -5))
-1
What is the value of 6 + -6 + (0 - (1 - 0))?
-1
What is -1 - (-4 + 13 + -14)?
4
Evaluate 5 + (-1 - -2) + -5 + 3.
4
What is the value of 0 + (-7 - (4 - 2 - 4))?
-5
What is -3 - ((-3 + 10 - 2) + -4)?
-4
Calculate -1 + 3 + -8 - (-2 + -2).
-2
What is -7 - (1 - 1 - (0 + 3))?
-4
What is -63 + 59 - (-1 + -7)?
4
Calculate (8 + 3 - 9) + (4 - -1).
7
What is (-4 - (-1 - (4 - 4))) + 2?
-1
Evaluate 4 + -3 - (-1 + -2).
4
What is the value of (1 - 2) + -5 + 12 + -8?
-2
-26 + 35 - (2 - 2 - -7)
2
-9 + (4 - -10) + -4
1
Calculate 2 - (-9 - (-25 - -7)).
-7
What is 0 + -3 - (-25 - -22)?
0
Evaluate 4 + -1 + 2 + 3 + -5.
3
What is 2 + (-10 + 4 - -3)?
-1
What is -3 + (9 - -1) + -22 + 24?
9
Calculate 1 + 1 - (-52 - -46).
8
(30 - 30) + -4 + 0
-4
What is the value of (17 - (-4 + -2 + 12)) + -5?
6
0 + 5 - (6 + -5 + 0)
4
Calculate 2 + 0 + -4 - -7.
5
What is -1 - -4 - (-10 - -8)?
5
Evaluate -3 - (1 + 2 + -2).
-4
Evaluate (-2 - -3) + -26 + 20.
-5
-9 - -12 - 1 - -6
8
What is (1 - (-5 - -10)) + 5 + -2?
-1
-2 - (2 + -10 - -3)
3
What is the value of -2 - (-4 - -4 - -3)?
-5
What is the value of 9 - 6 - 6 - -9 - 12?
-6
Calculate (-1 - (-1 + -1)) + -99 + 100.
2
Calculate 3 + -16 + (16 - 8) + 5.
0
What is the value of 2 - (0 - -16) - (67 - 74)?
-7
Calculate 0 - (5 - (2 + 4)) - -1.
2
Evaluate 10 + -6 + (12 - 11).
5
-2 - ((-4 - -4) + -4)
2
What is the value of -6 + -7 + 16 + -19 + 5?
-11
What is (8 + -14 - 0) + 2?
-4
What is 8 + 6 + -6 + -5 + -7?
-4
Evaluate 0 + 5 + (8 - 8) - 0.
5
Calculate -11 + 15 - (0 + -1).
5
What is the value of -18 - -29 - (7 + -1 + -1)?
6
6 - ((3 - -3) + 0)
0
Evaluate -39 + 40 - (8 - 1).
-6
Evaluate 6 + -2 - (0 + 1 + 2).
1
What is 0 - ((9 - 2) + -4) - -1?
-2
What is -3 - (-2 + 2) - 1?
-4
What is 1 - -4 - (-3 - -5)?
3
What is the value of 1 + 0 - -2 - (-19 + 21)?
1
-3 + 6 + -2 + 1
2
What is the value of -1 - -5 - (0 + -1) - 10?
-5
What is -5 - 1 - (-8 - 1)?
3
13 + 0 + 0 - (-286 - -292)
7
Evaluate 5 + -3 + 6 + 0 + -10.
-2
What is 0 + 7 + (16 + -5 - 13)?
5
Calculate 2 + (2 - (-2 + 7)).
-1
Evaluate -2 - ((-16 - -11) + 5).
-2
What is the value of 0 - -6 - (2 - -4)?
0
Calculate 3 - -13 - (-4 + 13).
7
-2 + (1 - 1 - (-5 - -2))
1
What is -10 - -7 - (0 - 3 - -7)?
-7
Evaluate 20 + -14 + (2 - 9).
-1
Calculate 2 - -2 - (6 - -1).
-3
Calculate -7 - (6 + -8) - (-5 - -2).
-2
-5 + 7 + 2 + 3
7
Evaluate -17 + 20 + (0 + -1 - 2).
0
Evaluate 4 + 1 + 1 - (5 - 1).
2
What is the value of 5 + 10 + -5 + -5 - 2?
3
Evaluate 2 + (2 - (2 + -4 + 5)).
1
(-5 + 10 - 2) + (8 - 7)
4
What is (-3 - -8) + -16 + 4 + -2?
-9
24 + -19 + 6 + -14
-3
What is the value of -2 - (4 - 3) - -1 - 1?
-3
1 + -1 + 1 + 7 + -4
4
Evaluate 11 + -1 - 22 - -10.
-2
What is 5 + -1 + 3 + 0 + -6?
1
-2 + 2 + 0 + -17 + 15
-2
What is the value of 3 - 9 - (6 - (14 - 4))?
-2
12 - -4 - (30 + -21)
7
Evaluate (-3 - -2) + 1 + 3 + -6.
-3
What is the value of 2 + (-2 - (3 + 2 - 3))?
-2
Calculate -7 + (1 + 4 - -3).
1
Evaluate (15 - 8) + -9 + -6 + 1.
-7
Evaluate -5 - -2 - (-3 + 2 - -1).
-3
What is the value of -5 + 3 + (-7 - -4) - -2?
-3
What is the value of -2 + (-3 - 4) + 5?
-4
(-9 - -22) + 0 - 14
-1
Calculate -57 - -62 - (9 - 2).
-2
2 + (-1 - -2) - 6
-3
Evaluate (55 - 62) + 0 + 3.
-4
What is 2 + 1 + -3 + 0?
0
Evaluate 0 - (-11 + 13 + 0).
-2
Evaluate 3 + 3 - 7 - 1.
-2
Calculate 1 + 6 + -1 + -4 + 1.
3
Calculate 7 + (-5 - -13) - 7.
8
Calculate 3 + -4 + (-12 - -12).
-1
-3 - (-3 + -5) - (1 - -1)
3
Calculate -4 - ((-10 - -4) + 4) - -4.
2
Calculate (-1 - (-6 + 3 + 1)) + -2.
-1
Evaluate 10 - (17 + -6 - 1 - 3).
3
Calculate (0 - -3) + -10 - (-1 - 12).
6
What is the value of -1 - (0 - (-4 - -7 - -2))?
4
What is the value of (2 - 2) + -3 + 4?
1
What is the value of 11 + -3 + (-16 - -2)?
-6
Evaluate (4 - (6 - 1)) + -1.
-2
What is 0 - (-1 + (9 - 7) - 1)?
0
Calculate 1 - (5 - 5) - -4.
5
Calculate 1 + -1 + -1 + (19 - 21).
-3
Calculate -5 + (5 - 3) + 0.
-3
Evaluate -6 + (17 - 6) + -11 + 1.
-5
What is the value of (-3 - -1) + 9 + (1 - 3)?
5
What is (-8 - -2 - -4) + 2 + 3?
3
9 + -1 - (-4 - -7)
5
What is 0 + 2 + (16 - 18)?
0
What is the value of (3 - (-3 + 7)) + (1 - 4)?
-4
What is 2 + 6 + (2 - 5) + -1?
4
What is -3 - (-6 + 3 + 2) - 1?
-3
Evaluate 1 + 15 + -1 - 11.
4
Calculate -5 + (13 - 3 - 11).
-6
What is (22 - 18) + (-2 - -7)?
9
What is the value of -27 + 27 + 3 + -1?
2
Calculate 0 - (-2 + 2 + -3).
3
What is (-322 - -302) + (1 - -11)?
-8
What is the value of -1 - 7 - (-6 + 1 + 1)?
-4
(-3 - -1) + (-13 - -13) - 1
-3
Evaluate (-2 - (4 - (8 + -1))) + 3.
4
What is the value of 6 - 4 - (-1 - (-2 - 1))?
0
What is the value of -7 - -36 - 8 - 13?
8
0 - ((-6 - -14) + -5)
-3
Calculate (4 - (-3 + 8)) + -1 + 5.
3
Calculate -6 - (-18 + 6) - 9.
-3
What is the value of 1 + (-7 - -4) + (1 - -2)?
1
What is -25 + 3 - -5 - -9?
-8
What is the value of 0 - 1 - (0 + 2 + 1)?
-4
What is -2 - ((-9 - -6) + 1)?
0
4 - (1 - -3 - 3)
3
Calculate 3 + -7 - ((1 - 3) + 1).
-3
Evaluate 4 - (-3 - -6 - 3).
4
1 + -1 + 35 + -32
3
Evaluate (-13 - -3) + (17 - 3).
4
Evaluate -4 + 3 + (-1 + -3 - -11).
6
What is (-6 - -12 - 5) + -5?
-4
What is the value of 5 - (-4 - (7 + -24 - -5))?
-3
Evaluate -1 - (2 + 2 + -2).
-3
What is the value of 0 - (-4 - -2) - (-4 + 8)?
-2
Calculate (-2 - 7) + 12 + (4 - 1).
6
What is the value of -1 - (-16 + 4 - -10)?
1
What is -9 + (6 - 1) + 10 - 12?
-6
Evaluate 1 + 6 + -5 - (-3 + 6).
-1
Calculate 10 - 2 - (1 + 5).
2
Evaluate -8 + 11 + 2 + -4.
1
Calculate 0 - -3 - (0 + 5).
-2
What is -10 + (11 - (4 - -3))?
-6
Evaluate -5 - (-4 + -1 + -5).
5
What is the value of (7 - 12) + -14 + 20?
1
Calculate -1 - (-10 + (9 - 6) - -14).
-8
What is -2 - ((-5 + -3 - 2) + 6)?
2
What is the value of 3 - (3 - (-4 + 7)) - 1?
2
What is the value of -2 - (-2 - ((4 - 6) + -2))?
-4
What is (4 - (-1 - -1)) + -68 + 64?
0
What is -3 + 1 + (-1 - -5)?
2
What is the value of 1 - (-1 - 1 - 0)?
3
Calculate 1 + (-2 - 0) + 0 - 9.
-10
What is -2 + 1 + (-4 - -3) + 1?
-1
Evaluate -2 + 3 + 9 + -8.
2
Calculate -5 + -1 - (5 - 4 - 6).
-1
Calculate 1 - 3 - (-11 - -5 - -1).
3
Evaluate 2 + (4 + -9 + 11 - -1).
9
2 + -2 + 0 + 2
2
What is -10 + 6 - -6 - 1?
1
Evaluate 3 - (7 + -8) - 3.
1
What is -6 + -3 + (3 - 8 - -10)?
-4
What is (-1 - -2) + -1 + (-16 - -9)?
-7
3 + (1 - -1) - (-1 - -3)
3
Evaluate -1 + -20 - (-11 + 0).
-10
What is the value of 0 + -3 - (33 - 33)?
-3
Calculate -1 + (1 - 2) - (-14 + 13).
-1
3 + -3 - (6 - 2)
-4
Evaluate 0 + (-9 - -5 - (1 + -6)).
1
What is -4 - (0 + -3 + (2 - 0))?
-3
What is the value of 44 + -55 + 2 + 7?
-2
-1 - (1 - 1) - (13 - 10)
-4
Evaluate -6 - 5 - -8 - -4.
1
18 - (6 - (5 + 1 + -8))
10
(1 - 3) + 10 + -10
-2
What is 4 + 2 + (0 - 5)?
1
What is 10 + 0 + -1 + -8 + 5?
6
Evaluate -9 - (3 + 1 - 4) - -4.
-5
What is the value of (25 - 28 - (-1 - 1)) + 1?
0
Calculate -3 + (4 + -4 - -4) - 0.
1
Calculate -1 + 7 - 8 - (1 + -6).
3
Evaluate (-3 - (-2 - 8)) + -11.
-4
Evaluate 0 - -7 - (-14 + 9 + 4).
8
What is the value of (5 - (-3 - -6) - 10) + 4?
-4
What is the value of -9 + (10 - -6) - 9?
-2
Calculate 1 + -7 - 3 - -16.
7
-10 - (-8 + 2) - (0 + 0)
-4
4 - (-7 + 4 + 6)
1
5 - (1 - (2 + -2) - 0)
4
Evaluate -6 - (-2 + 0) - -10 - 14.
-8
(12 - (3 + 2)) + (2 - 8)
1
Calculate (3 - (-2 + 4)) + -4 - -3.
0
What is 1 + 0 + 6 + 9 + -21?
-5
What is (-8 - -5) + (3 - 2)?
-2
(-9 - -2) + -6 - -6
-7
(-2 + 9 - 10) + 10
7
Evaluate (24 - 23) + (0 - -3) + -5.
-1
Calculate 2 + -1 - (4 + 2).
-5
Calculate 4 - (13 + -17) - (-1 + -1).
10
3 + 0 - (-24 - -27)
0
Calculate (-12 - (1 - 6)) + 13.
6
-8 + -4 +